{"id":570,"date":"2024-09-01T18:47:37","date_gmt":"2024-09-01T16:47:37","guid":{"rendered":"https:\/\/bodenleger-goede.de\/?page_id=570"},"modified":"2024-09-01T18:50:12","modified_gmt":"2024-09-01T16:50:12","slug":"teppichboden","status":"publish","type":"page","link":"https:\/\/bodenleger-goede.de\/?page_id=570","title":{"rendered":"Teppichboden\u00a0"},"content":{"rendered":"\t\t<div data-elementor-type=\"wp-page\" data-elementor-id=\"570\" class=\"elementor elementor-570\">\n\t\t\t\t<div class=\"elementor-element elementor-element-afb8003 e-flex e-con-boxed e-con e-parent\" data-id=\"afb8003\" data-element_type=\"container\" data-e-type=\"container\">\n\t\t\t\t\t<div class=\"e-con-inner\">\n\t\t\t\t<div class=\"elementor-element elementor-element-b6bdb74 elementor-widget elementor-widget-text-editor\" data-id=\"b6bdb74\" data-element_type=\"widget\" data-e-type=\"widget\" data-widget_type=\"text-editor.default\">\n\t\t\t\t<div class=\"elementor-widget-container\">\n\t\t\t\t\t\t\t\t\t<p>Einen Teppich zu verlegen ist eine einfache Aufgabe, wenn man wei\u00dft, wie man es macht. Andernfalls k\u00f6nnen Sie die Abdeckung besch\u00e4digen. Um nicht zu riskieren, kontaktieren Sie uns bitte.<\/p><p>Die Spezialisten von Firma Fussbodenleger Berlin 24, mit umfangreicher Erfahrung, werden schnell und effizient die Beschichtung jeder Gr\u00f6\u00dfe in Wohn- oder Gesch\u00e4ftsr\u00e4umen verlegen.<\/p><p>Vor der Arbeit beseitigen wir die Unebenheiten des Bodens, wir berechnen die optimale Menge an Bodenbelag. Die Verlegung erfolgt gem\u00e4\u00df der Technologie f\u00fcr jede Art von Beschichtung mit speziellen Werkzeugen und Materialien.<\/p><p>Beliebte Bodenbelagsmethoden \u2013 frei, mit Fixierung um den Umfang mittels Schrauben oder doppelseitigem Scotch, Stretch-Styling, Montage auf dem Leim. Die Wahl der Methode h\u00e4ngt von der Art der Beschichtung und der Oberfl\u00e4che ab.<\/p>\t\t\t\t\t\t\t\t<\/div>\n\t\t\t\t<\/div>\n\t\t\t\t\t<\/div>\n\t\t\t\t<\/div>\n\t\t<div class=\"elementor-element elementor-element-d2558f9 e-flex e-con-boxed e-con e-parent\" data-id=\"d2558f9\" data-element_type=\"container\" data-e-type=\"container\">\n\t\t\t\t\t<div class=\"e-con-inner\">\n\t\t\t\t<div class=\"elementor-element elementor-element-69dffec elementor-widget elementor-widget-button\" data-id=\"69dffec\" data-element_type=\"widget\" data-e-type=\"widget\" data-widget_type=\"button.default\">\n\t\t\t\t<div class=\"elementor-widget-container\">\n\t\t\t\t\t\t\t\t\t<div class=\"elementor-button-wrapper\">\n\t\t\t\t\t<a class=\"elementor-button elementor-button-link elementor-size-sm\" href=\"https:\/\/bodenleger-goede.de\/\">\n\t\t\t\t\t\t<span class=\"elementor-button-content-wrapper\">\n\t\t\t\t\t\t\t\t\t<span class=\"elementor-button-text\">zur\u00fcck<\/span>\n\t\t\t\t\t<\/span>\n\t\t\t\t\t<\/a>\n\t\t\t\t<\/div>\n\t\t\t\t\t\t\t\t<\/div>\n\t\t\t\t<\/div>\n\t\t\t\t\t<\/div>\n\t\t\t\t<\/div>\n\t\t\t\t<\/div>\n\t\t","protected":false},"excerpt":{"rendered":"<p>Einen Teppich zu verlegen ist eine einfache Aufgabe, wenn man wei\u00dft, wie man es macht. Andernfalls k\u00f6nnen Sie die Abdeckung besch\u00e4digen. Um nicht zu riskieren, kontaktieren Sie uns bitte. Die Spezialisten von Firma Fussbodenleger Berlin 24, mit umfangreicher Erfahrung, werden schnell und effizient die Beschichtung jeder Gr\u00f6\u00dfe in Wohn- oder Gesch\u00e4ftsr\u00e4umen verlegen. Vor der Arbeit [&hellip;]<\/p>\n","protected":false},"author":1,"featured_media":0,"parent":0,"menu_order":0,"comment_status":"closed","ping_status":"closed","template":"","meta":{"footnotes":""},"class_list":["post-570","page","type-page","status-publish","hentry"],"_links":{"self":[{"href":"https:\/\/bodenleger-goede.de\/index.php?rest_route=\/wp\/v2\/pages\/570","targetHints":{"allow":["GET"]}}],"collection":[{"href":"https:\/\/bodenleger-goede.de\/index.php?rest_route=\/wp\/v2\/pages"}],"about":[{"href":"https:\/\/bodenleger-goede.de\/index.php?rest_route=\/wp\/v2\/types\/page"}],"author":[{"embeddable":true,"href":"https:\/\/bodenleger-goede.de\/index.php?rest_route=\/wp\/v2\/users\/1"}],"replies":[{"embeddable":true,"href":"https:\/\/bodenleger-goede.de\/index.php?rest_route=%2Fwp%2Fv2%2Fcomments&post=570"}],"version-history":[{"count":7,"href":"https:\/\/bodenleger-goede.de\/index.php?rest_route=\/wp\/v2\/pages\/570\/revisions"}],"predecessor-version":[{"id":577,"href":"https:\/\/bodenleger-goede.de\/index.php?rest_route=\/wp\/v2\/pages\/570\/revisions\/577"}],"wp:attachment":[{"href":"https:\/\/bodenleger-goede.de\/index.php?rest_route=%2Fwp%2Fv2%2Fmedia&parent=570"}],"curies":[{"name":"wp","href":"https:\/\/api.w.org\/{rel}","templated":true}]}}